60*l**5 - 7/6*l**3 + 0 + 0*l. Let z be (-80)/(-15) - 4/(-6). Calculate i(z).
-1
Let m(h) = -h**2 - 128*h - 972. Let b be m(-8). Let a(w) = 7*w + 27. Determine a(b).
-57
Let k be -1*(13/(-3) - (-26)/(-39)). Let z(l) = -24*l + 79*l + 4*l**2 - 24*l - l**3 - 1 - 24*l. Calculate z(k).
9
Suppose 41 = l - 3*c + 14, -2*l = -10*c - 62. Let x(s) = s**2 - 22*s + 22. What is x(l)?
1
Let s be 3/(-6)*(13 + 1)*-1. Let h(f) = -2*f - 2*f - f + s*f + 8. Suppose 0 = -i - 4 - 2. What is h(i)?
-4
Let n(l) = 9*l + 375. Suppose 81*z = 58*z - 966. Determine n(z).
-3
Let v = 116 + -120. Let d = 23 - 9. Let k(t) = 15*t**2 - d*t**2 + 3*t + 0*t. Give k(v).
4
Suppose 11 + 1 = 4*j. Suppose j*d - 10 = 8. Let r(y) = 15 - 7 - 6 + y**2 - 9*y + 2. What is r(d)?
-14
Let q be 1/8 - 1/8. Let b(i) = 6*i - i**3 - 19 - i**2 + 3*i**2 - 5*i - i**2 + 14. Determine b(q).
-5
Let o(g) be the first derivative of -g**2 - g + 8. Let a(x) = -8*x - 5. Let v(l) = 2*a(l) - 9*o(l). Let h be 6/(-2) + 3 - 2. Determine v(h).
-5
Let f(o) = -2*o**3 + 13*o**2 + 3*o + 30. Let z(y) = -20*y**3 + 131*y**2 + 31*y + 301. Let x(r) = 21*f(r) - 2*z(r). Calculate x(6).
-2
Let t = 13231 + -13227. Let h(p) = 2*p - 31. Give h(t).
-23
Let a = 4 - 3. Let d be 1*a/(-2)*-4. Let y(q) = 8*q**2 - 2*q + 2. Let o(n) = 25*n**2 - 7*n + 8. Let g(s) = o(s) - 3*y(s). Give g(d).
4
Let x(m) = m**3 + m**2. Let i = -140 + 160. Suppose -18*j + i*j = -2. Determine x(j).
0
Let a = -73580 + 73573. Let q(d) = 2 - 2*d**2 + 0 + 3*d**2 + 6*d. Give q(a).
9
Let v(m) be the second derivative of m**6/360 + m**5/30 - 5*m**4/24 - 35*m**3/3 + 20*m. Let t(h) be the second derivative of v(h). Give t(-4).
-5
Let f = 42282 - 42273. Let x(o) = -o**2 + 42*o - 297. What is x(f)?
0
Let o(l) = -l**3 + 8*l**2 + 4*l - 8. Let z(t) = -23*t**2 + 39 - 50*t + 67 - 98 + t**3. Let h be z(25). What is o(h)?
24
Let x(z) = 3*z - 2. Let w be 44/33*(-15)/2. Let j = w + 5. Let q = -3 - j. Determine x(q).
4
Let p(l) = l**2 - 1. Let h(q) = -q**3 + 9*q**2 - q - 8. Let g(u) = -h(u) + 5*p(u). Let c = 7799 + -7796. What is g(c)?
-3
Let n(u) = -2 - 5*u - 1 - 6 + 11*u. Let b be n(2). Let r(p) = -p**2 + 3*p. Give r(b).
0
Let b(m) = 2*m + 1 - 54*m**2 + m**3 + 28 + 4*m + 30*m**2 + 13*m**2. Determine b(10).
-11
Let n(z) be the first derivative of -z**4/4 + z**3/3 - z**2/2 + z + 86. Let o(d) = 9*d**3 - 4*d**2 + 2*d - 1. Let k(h) = -2*n(h) - o(h). What is k(-1)?
8
Let d be (-1 - (-24)/21)/((-2)/(-14)). Let l(r) = -3*r**3 + 3*r + 2*r**3 - d + 12*r**2 - 14*r. Give l(11).
-1
Let r(q) = -10*q - 9. Let m = -2448 - -2451. Determine r(m).
-39
Let z(h) = -50 - 32*h**2 - 31*h**2 - 26*h - 36*h**2 + 98*h**2. Determine z(-22).
38
Suppose -5*a + 14 = -3*r - 9, -3*a + 5*r = -17. Let m(n) = 2653*n + 4 - 2656*n + 3*n**2 - a*n**2. Calculate m(-6).
-14
Let j be ((-17)/(-51))/(3/(-3))*-6. Let u(h) = -h**3 + h**2. Let c(p) = 4*p**3 - 4*p**2 + 3*p - 3. Let l = 29 + -27. Let v(k) = l*u(k) + c(k). Give v(j).
11
Suppose -4 - 4 = 2*j + 5*m, -3*j = 4*m + 5. Let z = 3 + 1. Let f be (z + -7 + 2)*j. Let n(l) = -6*l**2 + l + 1. Give n(f).
-6
Let j = 12 + -43. Let k = 19 + j. Let z(d) = 2*d + 29. Let f be z(k). Let u(x) = -x**3 + 5*x**2 + 2*x - 6. What is u(f)?
4
Let d be 4/7 - (-2)/(70/155). Let a = d - -7. Let u(b) = -2*b + 13. Determine u(a).
-11
Let j be -2 + 8*(30 + -1) + -2. Let w = 229 - j. Let q(b) = b**3 - 2*b**2 + 2*b - 1. What is q(w)?
0
Suppose -17*w - 224 = -725 + 348. Let i(z) = -z + 14. Give i(w).
5
Let u(k) = -9*k + 512. Let s(p) = 5*p - 292. Let x(r) = 7*s(r) + 4*u(r). Suppose j - 2*j = -4. What is x(j)?
0
Let m(v) = 7*v + 19*v - 124*v + 34*v - 596 + 5*v. Give m(-10).
-6
Let i(p) = -2*p**2 + 14*p - 18. Let g be 20/(-3)*(-234)/195. What is i(g)?
-34
Let u(p) be the third derivative of p**5/60 + 5*p**4/24 - 7*p**3/3 + 199*p**2. Suppose -g - 2*v = 14, 5*g = -0*v - v - 43. Calculate u(g).
10
Let r(z) = -z**2 - 8*z. Suppose -4*w - 18 = -2*w. Let k be r(w). Let o(h) be the first derivative of -h**4/4 - 10*h**3/3 - 4*h**2 + 10*h - 514. Calculate o(k).
1
Let l be 7/(-28) + (-22)/8. Let g be 5/((-5)/2) + -2 + 6. Let n(k) = 10*k**2 - 5*k**2 + 3 - 4 - 2*k**g + k**3 + k. Determine n(l).
-4
Let l(n) be the second derivative of -3*n**5/20 + 11*n**4/12 + 7*n**3/6 - 4*n**2 + 10872*n. Give l(5).
-73
Let b(k) = k**2 - 12*k - 15. Let w be 9/(-3) - (0 + -8). Suppose w*t + 3*n = 9*t - 45, 4*n - 76 = -6*t. Give b(t).
-15
Let k(v) be the first derivative of -1/3*v**3 - 8*v - 156 + 1/2*v**2. Calculate k(0).
-8
Let s(q) = -7*q**2. Let p(k) = 18 - 17 - 4*k + 5*k. Let i be p(-16). Let l be (-9)/6*(-20)/i. Give s(l).
-28
Let k(c) = c**2 - 11*c - 5. Let o(q) = -q - 1. Let h(u) = -k(u) + 5*o(u). Let f be 341/(-22) - (2 - 2/4). Let v = -11 - f. Calculate h(v).
0
Let f be (-15928)/880 - (-2)/20. Let y(v) = -v**2 - 15*v + 50. What is y(f)?
-4
Let s(q) = 4*q + 14 + 3*q**2 - 2*q - 36 + 25. Let w(l) = l**2 + 2*l + 1. Let f(a) = 2*s(a) - 4*w(a). Give f(5).
32
Let a be -1 - (195 - (-1 + 5)). Let b = 330 - 333. Let x be b/21 + a/28. Let r(d) = -d**2 - 5*d + 2. What is r(x)?
-12
Suppose -3*y - 3*t + 1951 = y, -25 = -5*t. Let p = y - 490. Let o(l) = 5 + 2 + 5*l - l**3 - 5*l**2 + 3*l. What is o(p)?
-5
Let r(g) = -2693*g**2 + 13*g - 18 + 1 + 2688*g**2 - g**3. Calculate r(-7).
-10
Let u(k) = k**3 - 6*k. Let g be u(0). Let t(s) = 25 + g*s + 5*s - 19. Let m(a) = -4*a - 5. Let n(l) = -6*m(l) - 5*t(l). What is n(0)?
0
Let c(t) = 20*t**2 - 90*t**2 + 13*t**2 + t**3 + 14*t**2 - 26 + 26*t**2 + 17*t. What is c(16)?
-10
Suppose 34*c = 33*c. Let x(q) = 0*q + q + q**2 + 15464 - 15481. Calculate x(c).
-17
Let w(z) = z + 6. Let y be (6/10)/((-2331)/180 - -13). Suppose -y = 28*g - 24*g. Determine w(g).
3
Let z(s) = 2*s**3 - s**2 - 8*s - 5. Let t(m) = -3*m**3 + m**2 + 12*m + 7. Suppose 49*f - 44*f = 40. Let y(k) = f*z(k) + 5*t(k). Give y(4).
-5
Let l(c) = -1 + 5 + c**2 - 27 - 4 - 48*c + 25. Determine l(48).
-2
Suppose -6*r = -3*r - 12. Let x be (1 + 42/(-28))/((-1)/r). Let n(v) = -7*v + 5. Determine n(x).
-9
Let q(m) = m**3 + 3*m**2 - 2*m + 6. Let a be (-208)/(-32) + 2/(-4) + 54/(-6). Give q(a).
12
Let v(h) = 80*h + 24. Let r(i) = -198*i - 49. Let c(k) = 2*r(k) + 5*v(k). Determine c(-4).
6
Let n(h) be the second derivative of h**4/12 - 3*h**3/2 + 19*h**2/2 - 12*h + 3. Give n(5).
-1
Let d be (0 + 150)/((-6)/4). Let z = 1289 + -1389. Let s = z - d. Let m(n) = -n**2 - 22. What is m(s)?
-22
Let r(h) = -h - 1. Let j(u) = 7*u**2 - 7*u - 6. Let n be (6/4)/((-49)/196). Let x(c) = n*r(c) + j(c). Calculate x(1).
6
Let l(z) = -174*z + 60. Let k(h) = 222*h - 80. Let m(x) = -7*k(x) - 9*l(x). Determine m(0).
20
Let k(m) = -m**3 - 9*m**2 - 12. Suppose -3*o - 15 = 0, 2*r - 1514*o = -1513*o - 13. Give k(r).
-12
Suppose -39 = y - 165. Suppose -121 + y = v. Suppose v*f + 0*m - m = 50, 2*f = 5*m + 43. Let r(i) = -i**2 + 9*i + 7. What is r(f)?
7
Let p(n) = -13*n**3 + 27*n**2 + 27*n + 22. Let f(m) = 2*m**3 - m**2 - m - 2. Let i(q) = 6*f(q) + p(q). Determine i(22).
-12
Let c(v) be the second derivative of v**4/6 - v**3/6 - 3*v**2/2 - 719*v - 1. Determine c(4).
25
Let r(h) = 51*h - 467. Suppose 2*t + 225 = 243. Calculate r(t).
-8
Let q(a) = -10*a + 38983 - 77941 - 3*a + 38975. Give q(3).
-22
Let l(r) = 2*r**2 - 158*r - 640. Let c be l(-4). Let s(w) = w - 36. Give s(c).
-12
Let d(u) = u**2 - 13*u - 27. Suppose 15*q = -1331 + 1571. What is d(q)?
21
Let r = 3830 + -3831. Let n(u) = 13*u - 3. Determine n(r).
-16
Let d(j) = j**3 - 23*j**2 - 3*j + 69. Let h be d(23). Let m(k) = 3*k - 2*k - 2*k + h*k - 9*k**3. Give m(1).
-10
Let y(d) be the second derivative of d**3/2 - 11*d**2 - 16*d. Let l be y(5). Let z(b) = b + 3. Let h(x) = -2*x - 7. Let s(j) = l*z(j) - 3*h(j). Determine s(4).
-4
Let w(c) = -49*c**2 + 9*c + 3. Let r(q) = 131*q**2 - 25*q - 9. Let l(u) = -3*r(u) - 8*w(u). Suppose 0 = -3*s - s + 12. What is l(s)?
3
Let k = -240 - -291. Suppose 9*n = 51 - k. Let x(p) = p**3 - p**2 - p - 22. Calculate x(n).
-22
Suppose 0 = -8*z + 3 + 29. Let b(h) = -230*h - h**3 - z*h**2 - 11 - 5*h**2 + 2*h**2 + 222*h. Give b(-6).
1
Let q(a) be the second derivative of 66*a + 1/12*a**4 + 0 - 7/6*a**3 - a**2. Give q(8).
6
Let z = 307 + -303. Let h(o) = -o**2 - o**2 + 5*o**2 - 2*o**2 + z*o - 7. Let b be 0 + (-2 - (-4)/(-1)). Calculate h(b).
5
Let m = 59 - 60. Let s be 5/15 + -1 + 26/3. Let t(b) = -16 +